0
What is the remainder when 54362 is divided by 288?
218
What is the remainder when 40599 is divided by 4511?
0
Calculate the remainder when 800 is divided by 140.
100
Calculate the remainder when 7235 is divided by 668.
555
What is the remainder when 638272 is divided by 79784?
0
Calculate the remainder when 53899 is divided by 121.
54
Calculate the remainder when 15998 is divided by 27.
14
Calculate the remainder when 4130 is divided by 1366.
32
Calculate the remainder when 3946 is divided by 1820.
306
Calculate the remainder when 1265 is divided by 716.
549
What is the remainder when 1120 is divided by 72?
40
Calculate the remainder when 249350 is divided by 1918.
10
Calculate the remainder when 22038 is divided by 1681.
185
What is the remainder when 29286 is divided by 837?
828
Calculate the remainder when 72957 is divided by 15.
12
What is the remainder when 68257 is divided by 89?
83
Calculate the remainder when 20561 is divided by 8.
1
Calculate the remainder when 103173 is divided by 46.
41
Calculate the remainder when 283694 is divided by 2133.
5
Calculate the remainder when 140752 is divided by 217.
136
What is the remainder when 1579 is divided by 509?
52
What is the remainder when 90513 is divided by 76?
73
What is the remainder when 42224 is divided by 65?
39
Calculate the remainder when 12899 is divided by 117.
29
What is the remainder when 46241 is divided by 50?
41
What is the remainder when 155244 is divided by 120?
84
What is the remainder when 696199 is divided by 25?
24
What is the remainder when 12422 is divided by 372?
146
What is the remainder when 219289 is divided by 503?
484
What is the remainder when 19228 is divided by 6380?
88
Calculate the remainder when 202830 is divided by 3073.
12
What is the remainder when 257820 is divided by 243?
240
What is the remainder when 722 is divided by 150?
122
What is the remainder when 777758 is divided by 259242?
32
Calculate the remainder when 70310 is divided by 23404.
98
Calculate the remainder when 54381 is divided by 24.
21
Calculate the remainder when 2241 is divided by 274.
49
Calculate the remainder when 36351 is divided by 1344.
63
What is the remainder when 720287 is divided by 96?
95
What is the remainder when 471 is divided by 2?
1
Calculate the remainder when 712 is divided by 689.
23
What is the remainder when 236584 is divided by 258?
256
What is the remainder when 311030 is divided by 147?
125
What is the remainder when 147985 is divided by 80?
65
Calculate the remainder when 10407 is divided by 1314.
1209
What is the remainder when 9830 is divided by 1684?
1410
What is the remainder when 1519 is divided by 221?
193
What is the remainder when 11761 is divided by 20?
1
Calculate the remainder when 205855 is divided by 12.
7
What is the remainder when 155517 is divided by 270?
267
Calculate the remainder when 7335 is divided by 74.
9
What is the remainder when 10180 is divided by 986?
320
Calculate the remainder when 10616 is divided by 12.
8
Calculate the remainder when 4753 is divided by 1154.
137
What is the remainder when 173764 is divided by 19?
9
What is the remainder when 2796 is divided by 566?
532
What is the remainder when 734 is divided by 255?
224
What is the remainder when 246200 is divided by 147?
122
Calculate the remainder when 20044 is divided by 76.
56
What is the remainder when 697 is divided by 92?
53
Calculate the remainder when 521243 is divided by 6.
5
Calculate the remainder when 5418 is divided by 671.
50
Calculate the remainder when 22361 is divided by 7.
3
What is the remainder when 1047875 is divided by 149694?
17
What is the remainder when 68155 is divided by 107?
103
Calculate the remainder when 25893 is divided by 1841.
119
What is the remainder when 123394 is divided by 20?
14
Calculate the remainder when 4783 is divided by 29.
27
Calculate the remainder when 4137 is divided by 2059.
19
What is the remainder when 40601 is divided by 2899?
15
Calculate the remainder when 45886 is divided by 85.
71
What is the remainder when 934360 is divided by 3361?
2
What is the remainder when 10604 is divided by 151?
34
Calculate the remainder when 8933 is divided by 4464.
5
What is the remainder when 43727 is divided by 994?
985
What is the remainder when 88795 is divided by 52?
31
Calculate the remainder when 13409 is divided by 44.
33
What is the remainder when 43276 is divided by 618?
16
Calculate the remainder when 45355 is divided by 441.
373
What is the remainder when 3622 is divided by 182?
164
What is the remainder when 2556 is divided by 2544?
12
Calculate the remainder when 13241 is divided by 87.
17
Calculate the remainder when 216967 is divided by 87.
76
What is the remainder when 11528 is divided by 3829?
41
What is the remainder when 1777 is divided by 884?
9
What is the remainder when 1217 is divided by 372?
101
What is the remainder when 7455 is divided by 288?
255
What is the remainder when 19299 is divided by 201?
3
What is the remainder when 671 is divided by 666?
5
Calculate the remainder when 15291 is divided by 1218.
675
Calculate the remainder when 357891 is divided by 131.
130
Calculate the remainder when 3364 is divided by 109.
94
What is the remainder when 3871 is divided by 160?
31
What is the remainder when 96562 is divided by 90?
82
What is the remainder when 141097 is divided by 234?
229
Calculate the remainder when 46428 is divided by 4209.
129
What is the remainder when 37593 is divided by 43?
11
What is the remainder when 639 is divided by 274?
91
Calculate the remainder when 726 is divided by 244.
238
What is the remainder when 543 is divided by 420?
123
Calculate the remainder when 94510 is divided by 13.
0
What is the remainder when 25862 is divided by 404?
6
What is the remainder when 25649 is divided by 450?
449
What is the remainder when 3567 is divided by 877?
59
Calculate the remainder when 99892 is divided by 209.
199
Calculate the remainder when 28961 is divided by 4822.
29
What is the remainder when 28981 is divided by 31?
27
Calculate the remainder when 62922 is divided by 51.
39
Calculate the remainder when 1187200 is divided by 6.
4
What is the remainder when 85766 is divided by 256?
6
Calculate the remainder when 23001 is divided by 7663.
12
Calculate the remainder when 9720 is divided by 744.
48
What is the remainder when 3599 is divided by 269?
102
What is the remainder when 3194 is divided by 739?
238
What is the remainder when 265484 is divided by 441?
2
What is the remainder when 23933 is divided by 68?
65
Calculate the remainder when 9925 is divided by 242.
3
What is the remainder when 7188 is divided by 103?
81
What is the remainder when 68986 is divided by 19?
16
Calculate the remainder when 2779 is divided by 1271.
237
What is the remainder when 122027 is divided by 103?
75
Calculate the remainder when 241000 is divided by 18.
16
Calculate the remainder when 10232 is divided by 445.
442
What is the remainder when 4276 is divided by 1165?
781
What is the remainder when 64283 is divided by 7137?
50
Calculate the remainder when 50045 is divided by 48.
29
Calculate the remainder when 182249 is divided by 182235.
14
What is the remainder when 14357 is divided by 61?
22
Calculate the remainder when 2251393 is divided by 109.
107
Calculate the remainder when 29981 is divided by 4996.
5
Calculate the remainder when 22849 is divided by 647.
204
Calculate the remainder when 184905 is divided by 38.
35
What is the remainder when 18294 is divided by 4572?
6
Calculate the remainder when 1045 is divided by 89.
66
What is the remainder when 544379 is divided by 409?
0
Calculate the remainder when 3252 is divided by 1587.
78
What is the remainder when 167438 is divided by 1279?
1168
What is the remainder when 4487 is divided by 25?
12
What is the remainder when 1698 is divided by 849?
0
What is the remainder when 69099 is divided by 18?
15
What is the remainder when 99921 is divided by 66?
63
What is the remainder when 4919 is divided by 2325?
269
What is the remainder when 354 is divided by 31?
13
What is the remainder when 9977174 is divided by 9?
8
What is the remainder when 8371 is divided by 48?
19
Calculate the remainder when 1497 is divided by 770.
727
What is the remainder when 55150 is divide